b18 (base 14) to base 15.
-e6178
Convert 21221343 (base 5) to base 11.
112a31
What is -65a06c (base 15) in base 8?
-22363333
What is -22254533 (base 6) in base 2?
-10100101000110111001
Convert 6073a6 (base 12) to base 6.
52134330
-334074 (base 12) to base 14
-1733a8
What is 769876 (base 11) in base 3?
2022101211010
-8a0595 (base 11) to base 8
-5363607
What is 3f375 (base 16) in base 14?
6a513
-262a1 (base 11) to base 10
-37621
Convert -10010000001100000000100 (base 2) to base 12.
-16ba284
-1350534 (base 8) to base 11
-240505
Convert -110212122211 (base 3) to base 11.
-163464
What is 2441551 (base 7) in base 11?
1a3a82
What is -284820 (base 9) in base 8?
-524130
Convert -54126 (base 12) to base 11.
-76247
Convert -1534114 (base 6) to base 16.
-160de
What is 3c28db (base 15) in base 2?
1011000010101000101101
What is -1300002120 (base 5) in base 16?
-2fb025
b612a7 (base 14) to base 7
103162400
What is -1110101100010111111 (base 2) in base 12?
-1b2767
Convert c3de1 (base 16) to base 15.
10ca9d
-12401037 (base 8) to base 16
-2a021f
21112012110 (base 3) to base 14
3bdb0
52997 (base 13) to base 4
210111230
-36412 (base 13) to base 12
-49744
-2676174 (base 11) to base 8
-21477507
Convert 25240621 (base 8) to base 15.
75579a
-20120212100 (base 3) to base 11
-89466
-57ab7 (base 14) to base 12
-a3601
1269351 (base 12) to base 14
6a4a4d
What is 11cb7a (base 16) in base 7?
12625002
Convert 95578 (base 11) to base 4.
201331222
What is -16b624 (base 12) in base 7?
-3225130
102100020 (base 4) to base 6
1334040
-230132332 (base 5) to base 2
-11111001010000100111
-1031034112 (base 5) to base 8
-10323534
Convert -2486470 (base 9) to base 8.
-5131047
Convert -620614 (base 7) to base 4.
-121313131
Convert -302032123 (base 4) to base 8.
-621633
Convert -800536 (base 9) to base 6.
-14045010
-3481382 (base 9) to base 14
-370873
Convert 33397a (base 11) to base 7.
4344510
Convert -11011111010110 (base 3) to base 8.
-10344262
5d8570 (base 14) to base 13
885a3c
What is -a20a (base 13) in base 8?
-53456
-4613044 (base 8) to base 11
-784869
What is 5071813 (base 9) in base 16?
294489
What is -1034641 (base 7) in base 16?
-1ee53
30579 (base 11) to base 16
ae46
Convert -1100022022102 (base 3) to base 8.
-2563627
-1248c52 (base 13) to base 8
-25603216
What is 26966a (base 11) in base 13?
11a548
What is -1851608 (base 11) in base 16?
-2fd707
Convert 200031132202 (base 4) to base 5.
4130200220
What is 218a50 (base 14) in base 11?
708038
-210002344 (base 6) to base 8
-15704670
What is 10201001020011 (base 3) in base 10?
1969195
What is 143552 (base 7) in base 11?
19912
232324125 (base 6) to base 2
10000011110011111010101
Convert a5b53 (base 12) to base 4.
311020233
Convert -2857703 (base 10) to base 14.
-545619
3152007 (base 8) to base 16
cd407
What is 1002321123102 (base 4) in base 15?
18160ec
What is -1530271 (base 8) in base 4?
-1223002321
What is -2363178 (base 11) in base 9?
-7666241
423953 (base 10) to base 8
1474021
-1124226 (base 8) to base 11
-199418
11a715 (base 15) to base 11
528136
What is -14680 (base 10) in base 15?
-453a
1342531 (base 8) to base 2
1011100010101011001
Convert 325de (base 15) to base 4.
213003113
-13664b (base 13) to base 8
-1630303
Convert -46a270 (base 11) to base 16.
-b60cf
-1573167 (base 10) to base 2
-110000000000100101111
Convert 1241403 (base 5) to base 12.
122a3
Convert -1020404 (base 7) to base 14.
-329ab
What is -541312001 (base 6) in base 5?
-4423331122
What is 80d43 (base 14) in base 8?
1135257
What is 25621 (base 11) in base 7?
211646
13142043311 (base 5) to base 12
5590b37
What is -111100303010 (base 4) in base 16?
-550cc4
Convert 258c8 (base 15) to base 2.
11101010100110001
-1000110001010111 (base 2) to base 4
-20301113
Convert 100642 (base 10) to base 2.
11000100100100010
Convert -46105 (base 8) to base 12.
-b371
What is -221161 (base 12) in base 6?
-15333001
Convert -3ac53 (base 15) to base 16.
-2dff3
311a68 (base 11) to base 16
7a2b9
What is -7241576 (base 8) in base 4?
-13110031332
What is 241b4b (base 13) in base 12?
356299
Convert 39350 (base 10) to base 12.
1a932
10001100110101011 (base 2) to base 8
214653
What is -1615162 (base 9) in base 14?
-1947b8
What is 150000253 (base 6) in base 5?
1242020101
Convert 19866449 (base 10) to base 3.
1101101022122102
Convert -1220222211121 (base 3) to base 16.
-f9da5
What is -1225b83 (base 13) in base 9?
-11544805
Convert -43314136 (base 7) to base 5.
-1421421024
-d4d49 (base 14) to base 6
-14554553
6811c (base 14) to base 15
4ecea
What is 663756 (base 9) in base 10?
396465
267b9b6 (base 12) to base 14
1028b58
What is -32366 (base 13) in base 7?
-525224
Convert 2250305 (base 6) to base 14.
3010d
71aa2a (base 11) to base 7
12554603
What is -13b814a (base 12) in base 2?
-1111001010010111001010
Convert -306373 (base 10) to base 8.
-1126305
Convert 105cb1c (base 15) to base 2.
101100100101001101100000
What is 1d3ce (base 15) in base 14?
26a81
14323504 (base 8) to base 6
153425112
Convert -315564 (base 12) to base 2.
-10111101100111011100
Convert 109a51 (base 12) to base 14.
6cc7b
What is 3b6b96 (base 13) in base 4?
11200112032
What is 122212211 (base 4) in base 16?
1a9a5
What is 1203013300 (base 4) in base 15?
8046a
103236 (base 9) to base 14
1855d
Convert 12722113 (base 8) to base 9.
5338286
-26721 (base 12) to base 9
-80467
Convert 2919 (base 11) to base 4.
322323
-2122321130 (base 5) to base 2
-10001001001011100111101
What is 3235564 (base 9) in base 16?
1a7e14
What is 1000000101111100101 (base 2) in base 9?
443684
524fa (base 16) to base 13
ba5c4
Convert -4cc662 (base 14) to base 12.
-a7763a
-1500570 (base 13) to base 4
-121133320302
21102020021102 (base 3) to base 4
33002030312
Convert 56c19 (base 13) to base 12.
77559
What is -1b33d (base 14) in base 8?
-207173
Convert -13725626 (base 8) to base 15.
-41a9e8
What is -5423556 (base 8) in base 16?
-16276e
What is 1442230 (base 7) in base 8?
575326
What is -1245a0 (base 13) in base 14?
-b5986
Convert -16d930 (base 15) to base 4.
-10032301032
-40532544 (base 6) to base 9
-2162481
-10ca8 (base 16) to base 12
-33974
Convert -4599a (base 12) to base 5.
-10433443
What is 3267772 (base 10) in base 14?
610c44
What is 11000100110100000110101 (base 2) in base 12?
21b0219
What is -4237a31 (base 11) in base 3?
-112001011002010
Convert -100010111010000101111 (base 2) to base 5.
-243100410
Convert -2412192 (base 10) to base 8.
-11147240
Convert -2102339 (base 13) to base 5.
-10031423420
What is -243023414 (base 5) in base 10?
-1142359
What is 413554 (base 7) in base 16?
1151e
221202110001022 (base 3) to base 15
1305c98
Convert 4966c8 (base 14) to base 12.
a13434
-724a0 (base 16) to base 7
-3656543
Convert -993354 (base 15) to base 16.
-6f670f
What is 17b3a73 (base 12) in base 3?
100100010102120
645026 (base 7) to base 9
180785
Convert 1c6d42 (base 14) to base 10.
1017886
Convert 10110111000011000011 (base 2) to base 5.
142443023
What is 1044306 (base 9) in base 11?
353414
-210011200 (base 4) to base 2
-100100000101100000
253881 (base 9) to base 3
21210222201
4514435 (base 8) to base 5
303000340
Convert 4712645 (base 11) to base 2.
11111011001101011111111
213236 (base 7) to base 4
21010301
-11162326 (base 7) to base 16
-ed9ca
Convert b1829a (base 12) to base 13.
760a0b
Convert 9584 (base 13) to base 12.
bbb2
-2ca990 (base 15) to base 13
-5a91b0
What is 11110001100011111111 (base 2) in base 6?
33112423
Convert 486120 (base 13) to base 5.
420231122
What is 112715 (base 11) in base 16?
2bc11
31330311030 (base 4) to base 15
4c3876
What is 100010111000010001000 (base 2) in base 12?
4714b4
-52570 (base 9) to base 12
-18123
What is 14151412 (base 6) in base 10?
481184
Convert -142765 (base 8) to base 5.
-3110202
1205031 (base 9) to base 8
2373634
Convert 401a6 (base 13) to base 3.
12211010120
Convert -2210011022022 (base 3) to base 10.
-1479365
What is -111444034 (base 5) in base 12?
-20135a
Convert 11002140 (base 5) to base 7.
541120
What is 11155203 (base 8) in base 15?
32a95a
101111011111110010110 (base 2) to base 10
1556374
What is -4542041 (base 6) in base 12?
-b1921
Convert a8c5d (base 16) to base 7.
5606301
-241292 (base 12) to base 2
-10001110010001001110
What is -133c8a5 (base 14) in base 6?
-531102401
146281 (base 9) to base 10
89902
8806a (base 11